{"id":2,"date":"2026-02-25T10:03:59","date_gmt":"2026-02-25T10:03:59","guid":{"rendered":"https:\/\/inmopatec.com\/?page_id=2"},"modified":"2026-03-10T16:22:08","modified_gmt":"2026-03-10T16:22:08","slug":"sample-page","status":"publish","type":"page","link":"https:\/\/inmopatec.com\/","title":{"rendered":"Sample Page"},"content":{"rendered":"\t\t<div data-elementor-type=\"wp-page\" data-elementor-id=\"2\" class=\"elementor elementor-2\" data-elementor-post-type=\"page\">\n\t\t\t\t\t\t<section class=\"elementor-section elementor-top-section elementor-element elementor-element-76413fb5 elementor-section-full_width elementor-section-height-default elementor-section-height-default\" data-id=\"76413fb5\" data-element_type=\"section\" data-e-type=\"section\" id=\"edificio\" data-settings=\"{&quot;background_background&quot;:&quot;gradient&quot;}\">\n\t\t\t\t\t\t\t<div class=\"elementor-background-overlay\"><\/div>\n\t\t\t\t\t\t\t<div class=\"elementor-container elementor-column-gap-default\">\n\t\t\t\t\t<div class=\"elementor-column elementor-col-100 elementor-top-column elementor-element elementor-element-9537542\" data-id=\"9537542\" data-element_type=\"column\" data-e-type=\"column\" data-settings=\"{&quot;background_background&quot;:&quot;classic&quot;}\">\n\t\t\t<div class=\"elementor-widget-wrap elementor-element-populated\">\n\t\t\t\t\t\t<section class=\"elementor-section elementor-inner-section elementor-element elementor-element-48053a75 elementor-section-boxed elementor-section-height-default elementor-section-height-default elementor-invisible\" data-id=\"48053a75\" data-element_type=\"section\" data-e-type=\"section\" data-settings=\"{&quot;animation&quot;:&quot;fadeInUp&quot;,&quot;background_background&quot;:&quot;classic&quot;}\">\n\t\t\t\t\t\t\t<div class=\"elementor-background-overlay\"><\/div>\n\t\t\t\t\t\t\t<div class=\"elementor-container elementor-column-gap-default\">\n\t\t\t\t\t<div class=\"elementor-column elementor-col-50 elementor-inner-column elementor-element elementor-element-3126fda3\" data-id=\"3126fda3\" data-element_type=\"column\" data-e-type=\"column\" data-settings=\"{&quot;background_background&quot;:&quot;classic&quot;}\">\n\t\t\t<div class=\"elementor-widget-wrap elementor-element-populated\">\n\t\t\t\t\t<div class=\"elementor-background-overlay\"><\/div>\n\t\t\t\t\t\t<div class=\"elementor-element elementor-element-135b390 animated-slow elementor-invisible elementor-widget elementor-widget-heading\" data-id=\"135b390\" data-element_type=\"widget\" data-e-type=\"widget\" data-settings=\"{&quot;_animation&quot;:&quot;fadeInDown&quot;}\" data-widget_type=\"heading.default\">\n\t\t\t\t\t<h1 class=\"elementor-heading-title elementor-size-default\">Inversi\u00f3n Exclusiva en el Parque Tecnol\u00f3gico de Galicia: Edificio Coliving en Ourense.<\/h1>\t\t\t\t<\/div>\n\t\t\t\t<div class=\"elementor-element elementor-element-e90fa59 elementor-widget elementor-widget-text-editor\" data-id=\"e90fa59\" data-element_type=\"widget\" data-e-type=\"widget\" data-widget_type=\"text-editor.default\">\n\t\t\t\t\t\t\t\t\t<p><span data-path-to-node=\"6,1,0,0\">\u00a0 \u00a02.500 m\u00b2 de oportunidades en un enclave estrat\u00e9gico \u00fanico. <\/span><span data-path-to-node=\"6,1,0,2\"><span class=\"citation-75\">El \u00fanico edificio con autorizaci\u00f3n exclusiva para uso hotelero-residencial, comercial e industrial en la zona<\/span><\/span><span data-path-to-node=\"6,1,0,4\">.<\/span><\/p>\t\t\t\t\t\t\t\t<\/div>\n\t\t\t\t<div class=\"elementor-element elementor-element-5787f7f0 elementor-align-left animated-slow elementor-tablet-align-right elementor-mobile-align-center elementor-widget__width-auto elementor-invisible elementor-widget elementor-widget-button\" data-id=\"5787f7f0\" data-element_type=\"widget\" data-e-type=\"widget\" data-settings=\"{&quot;_animation&quot;:&quot;fadeInLeft&quot;}\" data-widget_type=\"button.default\">\n\t\t\t\t\t\t\t\t\t\t<a class=\"elementor-button elementor-button-link elementor-size-sm elementor-animation-float\" href=\"#\">\n\t\t\t\t\t\t<span class=\"elementor-button-content-wrapper\">\n\t\t\t\t\t\t\t\t\t<span class=\"elementor-button-text\">Contactar con un Asesor<\/span>\n\t\t\t\t\t<\/span>\n\t\t\t\t\t<\/a>\n\t\t\t\t\t\t\t\t<\/div>\n\t\t\t\t\t<\/div>\n\t\t<\/div>\n\t\t\t\t<div class=\"elementor-column elementor-col-50 elementor-inner-column elementor-element elementor-element-738bc1d2\" data-id=\"738bc1d2\" data-element_type=\"column\" data-e-type=\"column\" data-settings=\"{&quot;background_background&quot;:&quot;classic&quot;}\">\n\t\t\t<div class=\"elementor-widget-wrap\">\n\t\t\t\t\t<div class=\"elementor-background-overlay\"><\/div>\n\t\t\t\t\t\t\t<\/div>\n\t\t<\/div>\n\t\t\t\t\t<\/div>\n\t\t<\/section>\n\t\t\t\t\t<\/div>\n\t\t<\/div>\n\t\t\t\t\t<\/div>\n\t\t<\/section>\n\t\t\t\t<section class=\"elementor-section elementor-top-section elementor-element elementor-element-4e56f63 elementor-section-content-middle elementor-section-boxed elementor-section-height-default elementor-section-height-default\" data-id=\"4e56f63\" data-element_type=\"section\" data-e-type=\"section\" id=\"estilodevida\">\n\t\t\t\t\t\t<div class=\"elementor-container elementor-column-gap-default\">\n\t\t\t\t\t<div class=\"elementor-column elementor-col-50 elementor-top-column elementor-element elementor-element-54c31277\" data-id=\"54c31277\" data-element_type=\"column\" data-e-type=\"column\" data-settings=\"{&quot;background_background&quot;:&quot;classic&quot;}\">\n\t\t\t<div class=\"elementor-widget-wrap elementor-element-populated\">\n\t\t\t\t\t\t<section class=\"elementor-section elementor-inner-section elementor-element elementor-element-7f377fb2 animated-slow elementor-section-boxed elementor-section-height-default elementor-section-height-default elementor-invisible\" data-id=\"7f377fb2\" data-element_type=\"section\" data-e-type=\"section\" data-settings=\"{&quot;animation&quot;:&quot;fadeInLeft&quot;}\">\n\t\t\t\t\t\t<div class=\"elementor-container elementor-column-gap-no\">\n\t\t\t\t\t<div class=\"elementor-column elementor-col-50 elementor-inner-column elementor-element elementor-element-7bcc93b2\" data-id=\"7bcc93b2\" data-element_type=\"column\" data-e-type=\"column\">\n\t\t\t<div class=\"elementor-widget-wrap\">\n\t\t\t\t\t\t\t<\/div>\n\t\t<\/div>\n\t\t\t\t<div class=\"elementor-column elementor-col-50 elementor-inner-column elementor-element elementor-element-5798a0fb\" data-id=\"5798a0fb\" data-element_type=\"column\" data-e-type=\"column\">\n\t\t\t<div class=\"elementor-widget-wrap\">\n\t\t\t\t\t\t\t<\/div>\n\t\t<\/div>\n\t\t\t\t\t<\/div>\n\t\t<\/section>\n\t\t\t\t<div class=\"elementor-element elementor-element-8f7c6b2 elementor-hidden-phone elementor-widget elementor-widget-image\" data-id=\"8f7c6b2\" data-element_type=\"widget\" data-e-type=\"widget\" data-widget_type=\"image.default\">\n\t\t\t\t\t\t\t\t\t\t\t\t\t\t\t<img decoding=\"async\" src=\"https:\/\/inmopatec.com\/wp-content\/uploads\/elementor\/thumbs\/modern-apartment-house-rjoga2qyqz7yjq233xmxnw7q71yn2a3exkgobutfcw.jpg\" title=\"modern-apartment-house.jpg\" alt=\"modern-apartment-house.jpg\" loading=\"lazy\" \/>\t\t\t\t\t\t\t\t\t\t\t\t\t\t\t<\/div>\n\t\t\t\t<div class=\"elementor-element elementor-element-3d5eca65 elementor-widget elementor-widget-image\" data-id=\"3d5eca65\" data-element_type=\"widget\" data-e-type=\"widget\" data-widget_type=\"image.default\">\n\t\t\t\t\t\t\t\t\t\t\t\t\t\t\t<img decoding=\"async\" src=\"https:\/\/inmopatec.com\/wp-content\/uploads\/elementor\/thumbs\/white-upscale-apartment-building-rjoga5khbhbtijxzngutddi3z7kqpdelxyf4rop8u8.jpg\" title=\"white-upscale-apartment-building.jpg\" alt=\"white-upscale-apartment-building.jpg\" loading=\"lazy\" \/>\t\t\t\t\t\t\t\t\t\t\t\t\t\t\t<\/div>\n\t\t\t\t<div class=\"elementor-element elementor-element-4bc09824 elementor-widget__width-auto elementor-absolute elementor-hidden-tablet elementor-hidden-phone elementor-widget elementor-widget-spacer\" data-id=\"4bc09824\" data-element_type=\"widget\" data-e-type=\"widget\" data-settings=\"{&quot;_position&quot;:&quot;absolute&quot;}\" data-widget_type=\"spacer.default\">\n\t\t\t\t\t\t\t<div class=\"elementor-spacer\">\n\t\t\t<div class=\"elementor-spacer-inner\"><\/div>\n\t\t<\/div>\n\t\t\t\t\t\t<\/div>\n\t\t\t\t\t<\/div>\n\t\t<\/div>\n\t\t\t\t<div class=\"elementor-column elementor-col-50 elementor-top-column elementor-element elementor-element-64ec5296\" data-id=\"64ec5296\" data-element_type=\"column\" data-e-type=\"column\">\n\t\t\t<div class=\"elementor-widget-wrap elementor-element-populated\">\n\t\t\t\t\t\t<div class=\"elementor-element elementor-element-1ccbdb69 animated-slow elementor-invisible elementor-widget elementor-widget-heading\" data-id=\"1ccbdb69\" data-element_type=\"widget\" data-e-type=\"widget\" data-settings=\"{&quot;_animation&quot;:&quot;fadeInRight&quot;}\" data-widget_type=\"heading.default\">\n\t\t\t\t\t<h5 class=\"elementor-heading-title elementor-size-default\">Exclusividad Legal<\/h5>\t\t\t\t<\/div>\n\t\t\t\t<div class=\"elementor-element elementor-element-421b003b elementor-widget elementor-widget-heading\" data-id=\"421b003b\" data-element_type=\"widget\" data-e-type=\"widget\" data-widget_type=\"heading.default\">\n\t\t\t\t\t<h2 class=\"elementor-heading-title elementor-size-default\">Un Activo Inmobiliario \u00danico y \"Anticompetencia\"<\/h2>\t\t\t\t<\/div>\n\t\t\t\t<div class=\"elementor-element elementor-element-65fd13a6 elementor-widget elementor-widget-text-editor\" data-id=\"65fd13a6\" data-element_type=\"widget\" data-e-type=\"widget\" data-widget_type=\"text-editor.default\">\n\t\t\t\t\t\t\t\t\t<p><span data-path-to-node=\"8,1,1,0\"><span class=\"citation-73\">\u00a0 \u00a0 \u00a0 Ubicado en el coraz\u00f3n del tejido industrial de Ourense, este edificio es el \u00fanico en todo el Parque Tecnol\u00f3gico con permisos para usos mixtos (hotelero, residencial, comercial e industrial)<\/span><\/span><span data-path-to-node=\"8,1,1,2\">. <\/span><span data-path-to-node=\"8,1,1,4\"><span class=\"citation-72\">Disfrute de una ventaja competitiva insuperable en un entorno donde ninguna otra propiedad puede ofrecer esta versatilidad legal<\/span><\/span><span data-path-to-node=\"8,1,1,6\">.<\/span><\/p>\t\t\t\t\t\t\t\t<\/div>\n\t\t\t\t<div class=\"elementor-element elementor-element-f384cb3 elementor-widget elementor-widget-text-editor\" data-id=\"f384cb3\" data-element_type=\"widget\" data-e-type=\"widget\" data-widget_type=\"text-editor.default\">\n\t\t\t\t\t\t\t\t\t<ul><li><p data-path-to-node=\"4,0,0\"><b data-path-to-node=\"4,0,0\" data-index-in-node=\"0\">ROBERTO VERINO<\/b> (Moda Internacional)<\/p><\/li><li><p data-path-to-node=\"4,1,0\"><b data-path-to-node=\"4,1,0\" data-index-in-node=\"0\">COASA<\/b> (Aeron\u00e1utica y Espacio)<\/p><\/li><li><p data-path-to-node=\"4,2,0\"><b data-path-to-node=\"4,2,0\" data-index-in-node=\"0\">COREN<\/b> (L\u00edder Alimentario)<\/p><\/li><li><p data-path-to-node=\"4,3,0\"><b data-path-to-node=\"4,3,0\" data-index-in-node=\"0\">CENTRO DE CIBERSEGURIDAD DE GALICIA<\/b> (Tecnolog\u00eda)<\/p><\/li><li><p data-path-to-node=\"4,4,0\"><b data-path-to-node=\"4,4,0\" data-index-in-node=\"0\">GRUPO P\u00c9REZ RUMBAO<\/b> (Automoci\u00f3n)<\/p><\/li><li><p data-path-to-node=\"4,5,0\"><b data-path-to-node=\"4,5,0\" data-index-in-node=\"0\">ACS<\/b> (Componentes de Automoci\u00f3n)<\/p><\/li><li><p data-path-to-node=\"4,6,0\"><b data-path-to-node=\"4,6,0\" data-index-in-node=\"0\">CENTRO DE METROLOG\u00cdA DE GALICIA<\/b><\/p><\/li><\/ul>\t\t\t\t\t\t\t\t<\/div>\n\t\t\t\t\t<\/div>\n\t\t<\/div>\n\t\t\t\t\t<\/div>\n\t\t<\/section>\n\t\t\t\t<section class=\"elementor-section elementor-top-section elementor-element elementor-element-2cb98ba8 elementor-section-boxed elementor-section-height-default elementor-section-height-default\" data-id=\"2cb98ba8\" data-element_type=\"section\" data-e-type=\"section\" id=\"ubicacion\" data-settings=\"{&quot;background_background&quot;:&quot;classic&quot;}\">\n\t\t\t\t\t\t\t<div class=\"elementor-background-overlay\"><\/div>\n\t\t\t\t\t\t\t<div class=\"elementor-container elementor-column-gap-default\">\n\t\t\t\t\t<div class=\"elementor-column elementor-col-50 elementor-top-column elementor-element elementor-element-3e92a89d\" data-id=\"3e92a89d\" data-element_type=\"column\" data-e-type=\"column\">\n\t\t\t<div class=\"elementor-widget-wrap elementor-element-populated\">\n\t\t\t\t\t\t<div class=\"elementor-element elementor-element-68c2eb13 elementor-widget elementor-widget-heading\" data-id=\"68c2eb13\" data-element_type=\"widget\" data-e-type=\"widget\" data-widget_type=\"heading.default\">\n\t\t\t\t\t<h5 class=\"elementor-heading-title elementor-size-default\">Conexiones<\/h5>\t\t\t\t<\/div>\n\t\t\t\t<div class=\"elementor-element elementor-element-61b94ce2 elementor-widget elementor-widget-heading\" data-id=\"61b94ce2\" data-element_type=\"widget\" data-e-type=\"widget\" data-widget_type=\"heading.default\">\n\t\t\t\t\t<h2 class=\"elementor-heading-title elementor-size-default\">Conectividad y seguimiento<\/h2>\t\t\t\t<\/div>\n\t\t<div class=\"elementor-element elementor-element-046fe0f e-con-full e-flex e-con e-parent\" data-id=\"046fe0f\" data-element_type=\"container\" data-e-type=\"container\">\n\t\t\t\t<div class=\"elementor-element elementor-element-5920f3e elementor-widget elementor-widget-text-editor\" data-id=\"5920f3e\" data-element_type=\"widget\" data-e-type=\"widget\" data-widget_type=\"text-editor.default\">\n\t\t\t\t\t\t\t\t\t<p id=\"ydp89ad265cp-rc_c26c84eba3baaf76-116\" data-path-to-node=\"13,0,1\"><span data-path-to-node=\"13,0,1,0\"><b data-path-to-node=\"13,0,1,0\" data-index-in-node=\"0\"><span class=\"ydp89ad265ccitation-162\">Pr\u00f3xima Circunvalaci\u00f3n:<\/span><\/b><span class=\"ydp89ad265ccitation-162\">\u00a0La nueva v\u00eda situar\u00e1 el edificio a solo\u00a0<\/span><b data-path-to-node=\"13,0,1,0\" data-index-in-node=\"64\"><span class=\"ydp89ad265ccitation-162\">5 minutos de Ourense capital.<\/span><\/b><\/span><\/p><p id=\"ydp89ad265cp-rc_c26c84eba3baaf76-117\" data-path-to-node=\"13,1,1\"><span data-path-to-node=\"13,1,1,0\"><b data-path-to-node=\"13,1,1,0\" data-index-in-node=\"0\"><span class=\"ydp89ad265ccitation-161\">Nuevos Gigantes Comerciales:<\/span><\/b><span class=\"ydp89ad265ccitation-161\">\u00a0En 2026 abrir\u00e1 un nuevo centro comercial a solo 2 km, sum\u00e1ndose a la llegada de empresas como\u00a0<\/span><b data-path-to-node=\"13,1,1,0\" data-index-in-node=\"123\"><span class=\"ydp89ad265ccitation-161\">Obramat<\/span><\/b><span class=\"ydp89ad265ccitation-161\">\u00a0e\u00a0<\/span><b data-path-to-node=\"13,1,1,0\" data-index-in-node=\"133\"><span class=\"ydp89ad265ccitation-161\">Ikea<\/span><\/b><span class=\"ydp89ad265ccitation-161\">.<\/span><\/span><\/p><div class=\"ydp89ad265csource-inline-chip-container ydp89ad265cng-star-inserted\"><b data-path-to-node=\"13,2,1,0\" data-index-in-node=\"0\"><span class=\"ydp89ad265ccitation-160\">Ahorro y Sostenibilidad:<\/span><\/b><span class=\"ydp89ad265ccitation-160\">\u00a0Un gran gancho para el cliente joven es el ahorro en combustible y tiempo al vivir al lado del trabajo.<\/span><\/div><div class=\"ydp89ad265csource-inline-chip-container ydp89ad265cng-star-inserted\">\u00a0<\/div>\t\t\t\t\t\t\t\t<\/div>\n\t\t\t\t<\/div>\n\t\t\t\t\t<\/div>\n\t\t<\/div>\n\t\t\t\t<div class=\"elementor-column elementor-col-50 elementor-top-column elementor-element elementor-element-2460eb97\" data-id=\"2460eb97\" data-element_type=\"column\" data-e-type=\"column\">\n\t\t\t<div class=\"elementor-widget-wrap\">\n\t\t\t\t\t\t\t<\/div>\n\t\t<\/div>\n\t\t\t\t\t<\/div>\n\t\t<\/section>\n\t\t\t\t<section class=\"elementor-section elementor-top-section elementor-element elementor-element-2e5b562e elementor-section-boxed elementor-section-height-default elementor-section-height-default\" data-id=\"2e5b562e\" data-element_type=\"section\" data-e-type=\"section\">\n\t\t\t\t\t\t<div class=\"elementor-container elementor-column-gap-default\">\n\t\t\t\t\t<div class=\"elementor-column elementor-col-33 elementor-top-column elementor-element elementor-element-467fac05\" data-id=\"467fac05\" data-element_type=\"column\" data-e-type=\"column\">\n\t\t\t<div class=\"elementor-widget-wrap elementor-element-populated\">\n\t\t\t\t\t\t<div class=\"elementor-element elementor-element-705c7212 elementor-widget-divider--view-line_text elementor-widget-divider--element-align-left elementor-widget elementor-widget-divider\" data-id=\"705c7212\" data-element_type=\"widget\" data-e-type=\"widget\" data-widget_type=\"divider.default\">\n\t\t\t\t\t\t\t<div class=\"elementor-divider\">\n\t\t\t<span class=\"elementor-divider-separator\">\n\t\t\t\t\t\t\t<span class=\"elementor-divider__text elementor-divider__element\">\n\t\t\t\t01\t\t\t\t<\/span>\n\t\t\t\t\t\t<\/span>\n\t\t<\/div>\n\t\t\t\t\t\t<\/div>\n\t\t\t\t<div class=\"elementor-element elementor-element-5ba7a0f1 elementor-widget elementor-widget-image-box\" data-id=\"5ba7a0f1\" data-element_type=\"widget\" data-e-type=\"widget\" data-widget_type=\"image-box.default\">\n\t\t\t\t\t<div class=\"elementor-image-box-wrapper\"><div class=\"elementor-image-box-content\"><h5 class=\"elementor-image-box-title\">Perfil del Residente<\/h5><p class=\"elementor-image-box-description\">Directivos, ingenieros en formaci\u00f3n de empresas como Adolfo Dom\u00ednguez o Carolina Herrera, y n\u00f3madas digitales que buscan \"el confort de un hogar con servicios de hotel\".<\/p><\/div><\/div>\t\t\t\t<\/div>\n\t\t\t\t\t<\/div>\n\t\t<\/div>\n\t\t\t\t<div class=\"elementor-column elementor-col-33 elementor-top-column elementor-element elementor-element-38ab9d62\" data-id=\"38ab9d62\" data-element_type=\"column\" data-e-type=\"column\">\n\t\t\t<div class=\"elementor-widget-wrap elementor-element-populated\">\n\t\t\t\t\t\t<div class=\"elementor-element elementor-element-4975541 elementor-widget-divider--view-line_text elementor-widget-divider--element-align-left elementor-widget elementor-widget-divider\" data-id=\"4975541\" data-element_type=\"widget\" data-e-type=\"widget\" data-widget_type=\"divider.default\">\n\t\t\t\t\t\t\t<div class=\"elementor-divider\">\n\t\t\t<span class=\"elementor-divider-separator\">\n\t\t\t\t\t\t\t<span class=\"elementor-divider__text elementor-divider__element\">\n\t\t\t\t02\t\t\t\t<\/span>\n\t\t\t\t\t\t<\/span>\n\t\t<\/div>\n\t\t\t\t\t\t<\/div>\n\t\t\t\t<div class=\"elementor-element elementor-element-4525ce54 elementor-widget elementor-widget-image-box\" data-id=\"4525ce54\" data-element_type=\"widget\" data-e-type=\"widget\" data-widget_type=\"image-box.default\">\n\t\t\t\t\t<div class=\"elementor-image-box-wrapper\"><div class=\"elementor-image-box-content\"><h5 class=\"elementor-image-box-title\">Servicios Incluidos<\/h5><p class=\"elementor-image-box-description\">Lavander\u00eda, limpieza, gimnasio, salas de reuniones y coworking.<\/p><\/div><\/div>\t\t\t\t<\/div>\n\t\t\t\t\t<\/div>\n\t\t<\/div>\n\t\t\t\t<div class=\"elementor-column elementor-col-33 elementor-top-column elementor-element elementor-element-4c87ba90\" data-id=\"4c87ba90\" data-element_type=\"column\" data-e-type=\"column\">\n\t\t\t<div class=\"elementor-widget-wrap elementor-element-populated\">\n\t\t\t\t\t\t<div class=\"elementor-element elementor-element-1bf446ed elementor-widget-divider--view-line_text elementor-widget-divider--element-align-left elementor-widget elementor-widget-divider\" data-id=\"1bf446ed\" data-element_type=\"widget\" data-e-type=\"widget\" data-widget_type=\"divider.default\">\n\t\t\t\t\t\t\t<div class=\"elementor-divider\">\n\t\t\t<span class=\"elementor-divider-separator\">\n\t\t\t\t\t\t\t<span class=\"elementor-divider__text elementor-divider__element\">\n\t\t\t\t03\t\t\t\t<\/span>\n\t\t\t\t\t\t<\/span>\n\t\t<\/div>\n\t\t\t\t\t\t<\/div>\n\t\t\t\t<div class=\"elementor-element elementor-element-1b3595a4 elementor-widget elementor-widget-image-box\" data-id=\"1b3595a4\" data-element_type=\"widget\" data-e-type=\"widget\" data-widget_type=\"image-box.default\">\n\t\t\t\t\t<div class=\"elementor-image-box-wrapper\"><div class=\"elementor-image-box-content\"><h5 class=\"elementor-image-box-title\">Ventaja Legal<\/h5><p class=\"elementor-image-box-description\">El r\u00e9gimen de Coliving permite alquileres de corta y larga estancia sin las complicaciones de las licencias tur\u00edsticas convencionales<\/p><\/div><\/div>\t\t\t\t<\/div>\n\t\t\t\t\t<\/div>\n\t\t<\/div>\n\t\t\t\t\t<\/div>\n\t\t<\/section>\n\t\t\t\t<\/div>\n\t\t","protected":false},"excerpt":{"rendered":"<p>Inversi\u00f3n Exclusiva en el Parque Tecnol\u00f3gico de Galicia: Edificio Coliving en Ourense. \u00a0 \u00a02.500 m\u00b2 de oportunidades en un enclave estrat\u00e9gico \u00fanico. El \u00fanico edificio con autorizaci\u00f3n exclusiva para uso hotelero-residencial, comercial e industrial en la zona. Contactar con un Asesor Exclusividad Legal Un Activo Inmobiliario \u00danico y \u00abAnticompetencia\u00bb \u00a0 \u00a0 \u00a0 Ubicado en el [&hellip;]<\/p>\n","protected":false},"author":1,"featured_media":0,"parent":0,"menu_order":0,"comment_status":"closed","ping_status":"open","template":"elementor_header_footer","meta":{"footnotes":""},"class_list":["post-2","page","type-page","status-publish","hentry"],"_links":{"self":[{"href":"https:\/\/inmopatec.com\/index.php?rest_route=\/wp\/v2\/pages\/2","targetHints":{"allow":["GET"]}}],"collection":[{"href":"https:\/\/inmopatec.com\/index.php?rest_route=\/wp\/v2\/pages"}],"about":[{"href":"https:\/\/inmopatec.com\/index.php?rest_route=\/wp\/v2\/types\/page"}],"author":[{"embeddable":true,"href":"https:\/\/inmopatec.com\/index.php?rest_route=\/wp\/v2\/users\/1"}],"replies":[{"embeddable":true,"href":"https:\/\/inmopatec.com\/index.php?rest_route=%2Fwp%2Fv2%2Fcomments&post=2"}],"version-history":[{"count":64,"href":"https:\/\/inmopatec.com\/index.php?rest_route=\/wp\/v2\/pages\/2\/revisions"}],"predecessor-version":[{"id":379,"href":"https:\/\/inmopatec.com\/index.php?rest_route=\/wp\/v2\/pages\/2\/revisions\/379"}],"wp:attachment":[{"href":"https:\/\/inmopatec.com\/index.php?rest_route=%2Fwp%2Fv2%2Fmedia&parent=2"}],"curies":[{"name":"wp","href":"https:\/\/api.w.org\/{rel}","templated":true}]}}